
Evaluate (5 - (1 - -5)) + 4.
3
Evaluate 2 + -2 - (-2 - (-3 + 1)).
0
What is the value of (-11 - -1) + 73 + -68?
-5
3 - (4 + -4) - (0 - 8)
11
Calculate -1 - 7 - (-14 + 12).
-6
What is (9 - 3) + -4 - -1?
3
What is -2 - (-2 - (0 + -1))?
-1
Calculate 0 - (0 + 1 + (2 - 5)).
2
Evaluate -19 + 30 + -1 + -5.
5
What is the value of 13 - (15 + (3 - 5))?
0
-10 + (-9 - -28) - 6
3
What is (-1 - -2) + 0 - (-1 + 1)?
1
Evaluate 0 - (8 - 1 - 4).
-3
What is -5 + 9 + 0 - 5?
-1
What is the value of (3 - (-3 - 1)) + -4?
3
Calculate 6 + (1 - 6) - (1 + 1).
-1
3 - (2 - -10) - -3
-6
Calculate -3 + -1 + (-2 - (-12 - -5)).
1
Evaluate 9 + -4 - 0 - (0 - 0).
5
Calculate -24 + 32 + (0 - 4).
4
0 + -1 - (6 - 10)
3
Calculate 1 + -10 + 3 - -13.
7
4 - (-4 + 2 + 2)
4
Evaluate -2 + (-9 - -10) - (-2 - 2).
3
Evaluate -4 + -6 + 3 + -1 + 5.
-3
What is the value of (3 - -2 - 4) + 2?
3
Calculate -5 + (2 - 4) - (-3 + -3).
-1
What is the value of -8 - -2 - (11 + -13)?
-4
0 + 3 - 4 - (0 - 1)
0
Evaluate (4 - -5) + -12 - (3 - 3).
-3
Evaluate 6 + -6 + 12 + -4.
8
Evaluate 15 - (10 + -1 + 0).
6
What is the value of 6 + -1 - -3 - 9?
-1
What is (-8 - -8) + -2 + (0 - 0)?
-2
Evaluate (-3 + 1 - -1 - -2) + 2.
3
What is the value of 5 - 1 - (0 - (-12 + 13))?
5
Evaluate (-5 - (-4 + -3)) + -6.
-4
(8 + -12 - -9) + -1
4
-1 + 4 - (12 + (-5 - 4))
0
What is 6 - 4 - (-1 - 2)?
5
Evaluate -2 + 0 + 3 + (2 - 7).
-4
Calculate (-7 + 9 - (-1 - -1)) + 2.
4
-2 - -1 - -1 - 3 - -7
4
What is 1 + (-3 - (-5 - (7 + -13)))?
-3
What is -2 + 1 + 0 + 1?
0
What is the value of (1 - -1) + (-12 - -14) + 2?
6
What is the value of 0 + 9 + 4 + -10?
3
Evaluate 2 - -1 - (-29 + 35).
-3
Calculate -5 - (-44 + 43 - (-1 - -8)).
3
Calculate -9 + (-5 + 0 - -10) + -2.
-6
Calculate 6 - (-3 + 0 + 6).
3
(-6 - (-6 - -3)) + (-14 - -22)
5
6 - (5 - 7) - 7
1
5 - (11 - 9 - 0)
3
What is the value of -1 + 3 + (-1 - 1)?
0
What is (2 - -1) + 59 + -55?
7
What is 28 - 35 - (0 - (-2 + 4))?
-5
Calculate 2 + 6 + 4 - (7 + -2).
7
Evaluate -2 + (9 - 2) - (2 + 4).
-1
Calculate -11 - (-12 - (0 + 8)).
9
-1 + 2 + -1 - 2
-2
Evaluate -3 + (-2 - -2 - (-4 + 6)).
-5
(-5 - -6) + 7 + (9 - 11)
6
What is 7 + (-18 - -5 - -2)?
-4
Calculate 0 + -1 - (-5 - (8 - 12)).
0
-6 + (9 - 1) - 4
-2
-7 - (-6 - (-1 + (-6 - -6)))
-2
Evaluate -2 + (24 + -18 - (5 - -1)).
-2
-4 + (-7 + 3 - -6 - -4)
2
Calculate -3 - ((-4 + 5 - 3) + 1).
-2
Calculate 10 + -8 - (0 - (1 - -2)).
5
(-7 - (1 + -2)) + (7 - 6)
-5
Evaluate 2 + (3 - 1) + -4 + -1.
-1
Evaluate 4 + -6 + (1 - 2).
-3
Calculate 0 + (-6 - (-2 - 8)) - 9.
-5
15 - (8 - (-10 - -8))
5
What is the value of 0 - (13 - 5 - 8)?
0
Calculate -19 - (8 + -2 + -18).
-7
What is the value of -9 - (2 - -3 - 15)?
1
Calculate (12 - (1 - 0)) + -6.
5
Calculate -3 - -1 - (-5 + 1).
2
What is the value of 6 + (6 - 0) + -13?
-1
10 - (-1 + 5 + 12)
-6
What is the value of -5 + (8 - (4 + -1 + 1))?
-1
Evaluate 54 - 54 - (0 + 1).
-1
5 + -3 - (8 + -10)
4
What is the value of 16 - (3 - -4) - 8?
1
What is 0 + -3 + 1 - -7?
5
What is -3 - ((2 - 7) + 5)?
-3
1 + -2 + -9 + -9 + 20
1
What is -3 - -1 - ((-5 - -4) + -4)?
3
What is the value of 0 - -2 - (-5 - 3 - -6)?
4
Calculate 7 + -4 - (0 - 2).
5
What is (20 - 17 - 3) + 3 + 0?
3
Evaluate -2 + 0 + 0 + 5 + -2.
1
Calculate (-6 - 3 - 2) + 6.
-5
Evaluate (0 - (-7 - -10)) + 3.
0
What is the value of -5 + (-8 - -2 - -9)?
-2
Evaluate -10 - (2 + -6 + (2 - 2)).
-6
What is -5 + 3 + 5 + -8?
-5
(5 - 8) + (-2 - -6) + 1
2
(-4 - 5) + (-8 - -15)
-2
Evaluate -4 - (3 + -1 + (-27 - -24)).
-3
-2 + 8 + -11 + (0 - -2)
-3
Evaluate 3 - 4 - (4 - 5).
0
What is -3 + ((3 - 0) + -6 - -1)?
-5
-2 - (0 - (1 + 0) - 2)
1
Evaluate -2 + (1 - -4) + -1.
2
What is 0 + 1 + 3 - (45 + -42)?
1
What is -11 + (-19 + 10 - -13)?
-7
-3 + (-1 - 0 - 1)
-5
What is the value of (-3 - (-5 - -5)) + 1?
-2
Calculate -2 + -14 + 2 - (-178 - -171).
-7
Evaluate 1 - (-6 + 2 + (13 - 10)).
2
What is 2 - -2 - (-13 - (8 + -20))?
5
What is the value of -10 - (-4 + 10 - 23)?
7
-3 + (9 - 4) + -2
0
Evaluate 7 + (-7 + (-2 - -11) - 3).
6
Calculate (0 - 4) + (3 - -1).
0
Evaluate -2 + -2 + 7 + -3.
0
(-3 - 6) + (-1 - 1 - -7)
-4
7 + -4 + 4 + -4 + -5
-2
What is the value of -3 + 3 + (-5 - (-4 + 1))?
-2
What is the value of 0 + 5 - (16 - 6)?
-5
What is the value of 0 + 1 + (8 + -8 - 3)?
-2
Calculate -6 + 8 + -7 + 4 - 0.
-1
Calculate 5 + 0 - (1 - 3 - -11).
-4
Evaluate -3 + (5 - -9) + -8.
3
Evaluate -3 - -1 - (1 - 3).
0
Evaluate -1 + 1 - 0 - (-61 - -51).
10
Calculate 10 + 1 - (176 - 168).
3
Calculate -9 + 7 + -1 + 6.
3
What is the value of 11 + -7 + -5 + 6?
5
(0 - (-2 - 3)) + (-4 - 4)
-3
What is 2 + 5 + -5 + 2?
4
What is -2 + -1 + (-4 - -10)?
3
What is the value of 0 + -3 + 1 + -4 - -1?
-5
What is the value of -6 + -10 + 25 + -1?
8
What is 7 - (4 - 1) - (-1 - -1)?
4
Evaluate 8 - (1 - (8 + 6 + -17)).
4
What is -2 - (-14 - -15) - (8 + -2)?
-9
Evaluate 0 + 1 + -6 + -17 + 20.
-2
Evaluate -6 - (-5 - -1) - (-6 + 0).
4
(-3 - 0) + 18 + -16
-1
Evaluate 5 + (-11 - ((-9 - -2) + 2)).
-1
What is the value of (0 - (2 - 3)) + -1 + 6?
6
What is the value of 4 + 0 + (7 - 10) - -2?
3
(-37 - -38) + (4 - (1 + -1))
5
Evaluate 10 - 3 - (-11 - -15).
3
What is the value of 7 - (14 + 12 + -11)?
-8
Calculate (-1 - 5 - -1) + 10.
5
8 - 0 - (40 - 36) - -6
10
Evaluate -1 + -8 + 13 + (-6 - 3).
-5
What is the value of 5 + -1 - (-4 + (6 - 4))?
6
What is 3 - (0 - 0) - (19 + -20)?
4
Calculate 10 - (2 - 0) - 9.
-1
Evaluate -6 + (1 - (0 + -4)).
-1
What is the value of (12 - 1) + (-5 - (11 - 13))?
8
Calculate -4 - (0 + -3) - (1 + 3).
-5
Calculate (2 - -1) + (15 - 13) - 1.
4
Evaluate ((-5 - 1) + 5 - -1) + -3.
-3
Calculate -7 + (4 + 2 - 2) - 5.
-8
What is -7 + (2 - (2 - 6)) - 4?
-5
What is the value of (1 - (-4 + 3)) + 1 + 1?
4
Evaluate 4 + -1 - (8 + -3 + -6).
4
-2 - 1 - (3 + 6 - 13)
1
Evaluate 3 - -1 - (4 - -1).
-1
Evaluate -2 + 0 + -3 + 4 + -4.
-5
Calculate 3 + (-4 - (-2 + 3) - 8).
-10
What is (2 + -6 - -3) + 1?
0
What is (-1 - 3 - (13 + -17)) + 6?
6
Evaluate -6 + (11 - (15 - 11)).
1
Calculate 5 + 7 + -13 + 8.
7
Evaluate 5 + -9 + 5 + -2.
-1
-3 + 1 + 0 - (-2 - 6)
6
Evaluate 9 + -27 + 1 - -10.
-7
Calculate (-1 - (-5 - -2)) + -2 + -4.
-4
Evaluate -2 - -2 - (-4 + -1 + 9).
-4
What is the value of 6 - 5 - -6 - 9?
-2
What is 1 - 5 - (-11 - -5)?
2
-5 + 5 + (-1 - -1) + -4
-4
What is the value of 1 + 6 - (-25 + 28)?
4
Calculate (1 - -2) + 23 + -17.
9
What is (-3 - -7 - 12) + (0 - -1)?
-7
-4 - -12 - (-1 - -4)
5
Evaluate 9 + (-6 - -11 - (6 - -3)).
5
Calculate (7 + -1 + -3 - 5) + -2.
-4
Calculate -44 - -42 - ((1 - 0) + 0).
-3
What is the value of (1 + -1 - 4) + 0?
-4
What is the value of 4 + -15 - (-1 + -2)?
-8
(-2 - -5 - (7 - -3)) + 0
-7
Evaluate 1 + 2 - ((-16 - -4) + 9).
6
What is -6 + (9 - (1 - 0))?
2
Calculate -3 - -3 - (3 + -1) - -1.
-1
Calculate 76 + -80 + (6 - 0).
2
Evaluate -5 - (2 + 3 - (9 - -1)).
0
Calculate -8 + 6 + 2 - 2.
-2
Evaluate 6 + 0 - ((-3 - -5) + 0).
4
Calculate -3 - (4 - 2 - 7).
2
What is -2 + (4 - ((4 - -3) + -4))?
-1
Evaluate 6 + 0 + -1 + -1 - 4.
0
What is the value of (17 - 14) + (0 - 1)?
2
What is -3 + -7 + 14 + -5?
-1
Calculate 7 + 2 + -11 + 4.
2
(-2 - 12) + 20 + -6
0
What is -2 + 1 - 0 - -3?
2
Evaluate 0 + -6 + -2 - -5.
-3
5 - ((9 - 6) + -8 - -16)
-6
Evaluate -3 - (-20 - (-9 + 2)).
10
3 - (2 + -1 + 0 + -3)
5
Evaluate (-18 - (4 - 17)) + 0 + 11.
6
What is (5 + 2 - 3) + (-5 - -12)?
11
Evaluate -2 + (0 - 3) - -4 - 0.
-1
What is the value of 0 - -1 - (30 + -33)?
4
Evaluate 0 + 2 - (-2 + -4 + 11).
-3
Calculate (-2 - -1) + (0 - -3) + -6.
-4
Evaluate -1 + (-3 - -9 - 2).
3
(2 - -2) + 25 + -25
4
What is the value of (-11 - -6 - (1 + -3)) + 3?
0
What is -2 + 3 - (36 + -41)?
6
What is the value of 3 + 0 + 5 - 5?
3
What is 3 + (-12 - -7 - (-1 + -5))?
4
What is 0 - ((-2 - -1) + (-11 - -14))?
-2
What is -1 + (5 - 6) + (-1 - -4)?
1
Calculate -2 - 3 - (-7 - 7).
9
What is -5 - -5 - (2 + -5)?
3
What is (-11 - 4) + 7 - -6?
-2
5 - (-2 + (-3 - -3) - -3)
4
What is (-2 - (6 + -3)) + 8 + -9?
-6
Evaluate -3 + 3 + (5 - (-8 + 6)).
7
1 + 2 - (-11 + 17)
-3
What is the value of (-9 - -5) + -5 + 10?
1
What is the value of -5 + (-4 - -22) + -7?
6
Evaluate 9 + (-1 - -1) + 9 + -13.
5
What is (7 - 12) + 4 - -1?
0
What is -1 + 0 + 0 + 2?
1
Calculate (2 - (-15 - -6) - 6) + 0.
5
What is the value of 3 - (0 + 3 - 0)?
0
What is 0 + -5 - (-2 - (-2 - 0))?
-5
Calculate (-2 - (0